mmon divisor of c and h.
33
Let a(r) = 4*r**3 + r**2 - 38*r + 38. Let u be a(1). Calculate the greatest common factor of 355 and u.
5
Let s(a) = a. Let y(w) = -4*w + 16. Let l(o) = -12*s(o) - y(o). Let v be l(-7). What is the greatest common divisor of 460 and v?
20
Let v be -22*(-4 + 21/6). Let o = 54 - 52. Suppose -o*m = -j - 219, j + 549 = 4*m + m. What is the greatest common divisor of m and v?
11
Suppose 31587 - 11954 = 207*h - 17627. What is the greatest common factor of 5220 and h?
180
Suppose h + 5*h = 24. Suppose 9*m - 6*m - 9 = 0. Suppose 0 = -h*r + u + 129, m*u = -2*r + 109 - 34. What is the greatest common divisor of r and 22?
11
Suppose 12*w - 9*w = 1005. Suppose -4*g + g + 252 = -4*b, 4*g = 5*b + w. Calculate the greatest common factor of g and 100.
20
Let r = -12164 + 12260. What is the greatest common divisor of 3888 and r?
48
Suppose 15*t - 22*t + 21 = 0. Suppose d = -5*m + 975, -m - 104 = -t*d - 299. Calculate the highest common factor of 26 and m.
13
Suppose 19*m - 530 + 134 = 136. What is the greatest common divisor of m and 4466?
14
Suppose -2*c - 5*p + 2*p + 20 = 0, 2*p - 8 = 0. Suppose -5*o + 2*b = b - 122, 0 = c*o + 4*b - 88. Calculate the greatest common factor of 16 and o.
8
Let y be -2*(-12)/(-8)*-49. Suppose 6*z + 0*z - 9*z = 0. Suppose z*k + 126 = 6*k. What is the greatest common factor of y and k?
21
Let w be 388 + 2 + 5*((-14)/5 - -3). Calculate the greatest common divisor of w and 92.
23
Let y be (-6)/(-4) - 2/4. Let m(w) be the third derivative of 7*w**5/15 + w**3/3 - 347*w**2. Let a be m(y). What is the greatest common factor of 10 and a?
10
Suppose -5*l + h - 1011 = 0, 8*h = -l + 6*h - 211. Let p = 206 + l. Calculate the highest common factor of p and 6.
3
Let a be 5 - (6 + -17 + 2). Let l(r) = 9*r**3 + 2*r**2 - 9*r + 2. Let n be l(4). Calculate the highest common divisor of a and n.
14
Let k be (-1256)/471 + (-2938)/(-15) + (-1)/5. What is the highest common factor of k and 4?
1
Suppose 355 = 28*a - 625. Calculate the greatest common divisor of a and 273.
7
Let k be 9000/21 - ((-1525)/2562 + 2/12). What is the greatest common divisor of k and 195?
39
Let k be 132 + (2 + -1)*-2. Let w = 579 + -292. Suppose -w = -3*h - 227. Calculate the greatest common divisor of k and h.
10
Suppose 2*m = 3*m - 4*s - 9, 2*m + 2*s - 48 = 0. Let i = -4 + 4. Let o be -2 + (-3 - -8 - i). Calculate the greatest common divisor of m and o.
3
Suppose 2*q = 3*a + 462, -387*a + 390*a = -5*q + 1071. What is the highest common divisor of q and 96?
3
Let w = 9634 + -8559. Calculate the highest common factor of 25 and w.
25
Suppose -m = -b - 6, 0*m + 4*m - b - 21 = 0. Suppose j = 5*k + 176, 5*k = 2*k + m*j - 88. Let g = 40 + k. Calculate the highest common divisor of 24 and g.
4
Let r(y) = -y - 7. Let g be r(-11). Suppose -g*d - 24 = -268. Suppose 5*q = 9 + d. What is the highest common divisor of 28 and q?
14
Suppose 0 = -22*w + 20*w + 144. Suppose -5*r + 3*r = -5*i - 31, 2*r - 10 = -2*i. Calculate the greatest common divisor of w and r.
8
Suppose -62*b = -69*b + 2366. Suppose 3*u = 2*z + b, -8*u + 3*u + z = -554. What is the highest common divisor of u and 66?
22
Let s(d) be the first derivative of d**3/3 + 2*d**2 + 22*d - 22. Let k be s(-8). Suppose 10 + k = 4*n. What is the highest common divisor of n and 4?
4
Suppose -34*i + 4062 = -1990. What is the greatest common factor of i and 1691?
89
Let r(c) = c**2 + 8*c + 16. Let y be r(-7). Let q(z) = 20*z - 7 + z**2 - 37*z - 2 + 18*z. Let i be q(8). Calculate the greatest common factor of i and y.
9
Let z be -3 + 3 + 26 + 1 + 0. Let r = 7450 - 7378. Calculate the greatest common divisor of z and r.
9
Suppose -221*b - 43*b + 5236 = 110*b. What is the greatest common divisor of 5026 and b?
14
Let s = -313 - -68. Let z = -217 - s. What is the highest common factor of z and 182?
14
Let r be (-2)/2 - (40 - 3/1). Let c = 10 - r. Let l be 47/8 + 7/56. Calculate the greatest common divisor of c and l.
6
Let y(a) = 2*a**2 + 5*a - 4. Let u be y(2). Suppose -4*t = -22 - u. Let b be (126/(-12))/((-1)/6). What is the highest common divisor of t and b?
9
Suppose -3*z - 912 = -7*z. Let i(g) = 36*g - 636. Let d be i(18). What is the greatest common divisor of z and d?
12
Suppose 3*x + 120 = -2*l + 606, -3*x + 507 = -5*l. Calculate the greatest common divisor of 369 and x.
41
Suppose -6*d - 251 + 683 = 0. Suppose 37*b = 35*b + 72. Calculate the greatest common divisor of b and d.
36
Let m = 1549 - 1269. What is the highest common divisor of m and 42?
14
Let c be (-7 - 110/(-15))*1137. Let p = c + -345. Calculate the highest common divisor of p and 221.
17
Let a(g) = -2*g + 30. Let u be a(18). Let o = 7 + u. Let m be ((-7)/((-21)/270))/o. Calculate the greatest common divisor of 10 and m.
10
Suppose 2*h - 4 = 4*f, 16*h = 19*h + 2*f - 14. What is the greatest common factor of h and 106?
2
Let p(y) = y**3 - 9*y**2 - 10*y + 15. Let s be p(10). Suppose -428 + 158 = -s*u. Suppose -41 - 31 = -w. Calculate the greatest common divisor of u and w.
18
Let c = -637 - -679. Suppose 3*m - c*q + 39*q = 171, 2*q + 230 = 4*m. What is the greatest common divisor of m and 319?
29
Let h be 3 - ((-3)/(-1) - 1769). What is the highest common divisor of 319 and h?
29
Suppose -6*t + 327 + 441 = 0. Suppose 129*r - 19 = t*r. Calculate the highest common factor of r and 437.
19
Let d = 37 + -20. Let w(b) = -212*b + 84. Let g be w(-4). Let j = g - 660. Calculate the greatest common factor of j and d.
17
Let w be (-114224)/(-96) - (-4)/24. Suppose 8*f = 218 + w. Calculate the greatest common factor of f and 66.
22
Let j(i) = -5*i + 2. Let m be j(-6). Let b be 4968/(345/(-15))*(-3)/9. Calculate the greatest common factor of b and m.
8
Let i = -7651 - -7721. Calculate the greatest common divisor of 10570 and i.
70
Let t(n) = n + 5. Let f be t(-3). Let d be 3 + (-9)/3 + f. Suppose -62 = -d*y + 88. Calculate the highest common divisor of y and 25.
25
Let s = 2838 + -2678. Calculate the greatest common factor of s and 220.
20
Suppose -312 = -c - 2*t + 10390, 3*c - 4*t - 32036 = 0. What is the greatest common factor of c and 167?
167
Let s(n) = -n**3 + 7*n**2 - 8*n + 60. Let t be s(7). Suppose 9*h - t*h = 1225. Calculate the highest common divisor of 49 and h.
49
Let u(c) = 16*c**2 - 156*c + 450. Let a be u(16). What is the greatest common divisor of a and 1000?
50
Suppose 3*k - 15 = 0, -110*q - 83 = -111*q + 5*k. Calculate the highest common divisor of 21 and q.
3
Suppose -c + 1 = 0, 0*o + 5*c - 949 = -4*o. Let v be o + 4 + 12/(-2). Calculate the greatest common factor of 18 and v.
18
Suppose 211*m - 66*m - 118062 + 12502 = 0. What is the greatest common divisor of 3328 and m?
104
Let r be 1 + -4 + 11 + 3. Let z(p) = 3*p**2 - 7*p + 11. Let o be (2 - (-1)/2)/(2/(-4)). Let y be z(o). Calculate the greatest common factor of r and y.
11
Let a be -161 - 4/2 - 3. Let l(x) = x**2 - 16*x + 113. Let b be l(25). Let q = a + b. What is the greatest common divisor of 43 and q?
43
Let c be (291/(-7))/((1155/98)/(-55)). What is the greatest common divisor of c and 36?
2
Let m = -46 - -61. Suppose -6 = 17*k - m*k. Let z(u) = -u**2 - 19*u + 6. Let d be z(k). Calculate the highest common divisor of d and 6.
6
Let a(l) = -l**3 + 19*l**2 + 14*l - 26. Suppose 0 = -22*p + 513 - 95. Let x be a(p). What is the highest common factor of x and 45?
15
Suppose 7*m - 8*m = -3*l + 36, 5*m - 4*l + 224 = 0. Let p be 291/(-12) - 2/(-8). Let h be 84/p*m/14. Calculate the highest common factor of 24 and h.
12
Let j(r) = -6*r**2 + 98*r + 107. Let z be j(17). What is the highest common factor of 246 and z?
3
Let l = -2433 + 2511. Let v = 249 - 15. Calculate the highest common divisor of v and l.
78
Let c = -332 + 446. Let u = 29 + -36. Let a = 26 + u. What is the greatest common factor of a and c?
19
Suppose 20*b - 8 - 32 = 0. Suppose 0 = 5*z + 5*v - 25, 0 = 3*z - b*z - 3*v - 5. Let f be (4 + -2)*-5*-1. Calculate the greatest common divisor of z and f.
5
Suppose 2*t = 4*t - 198. Let x be (-3)/(7 - (-256)/(-36)). What is the highest common divisor of x and t?
9
Suppose -24*q + 25*q = 3*n - 647, -3*n = -5*q - 655. What is the greatest common factor of 1548 and n?
43
Let g = 236 + -214. Suppose 0*k = 5*k - 40. Suppose -r + g = k. What is the highest common factor of 56 and r